. Calculate the greatest common divisor of u and 636.
159
Let k(j) = 601*j + 3. Let r be k(3). Let s = 58839 + -58818. Calculate the highest common factor of r and s.
21
Let y(w) = 27*w**3 + w**2 + 109*w - 222. Let v be y(2). Calculate the greatest common divisor of 392 and v.
8
Suppose 52*v - 3598 = -f + 58*v, 0 = -5*f - v + 18083. Calculate the greatest common divisor of f and 32.
32
Suppose 76*g - 58 = -3*d + 81*g, -4*g + 13 = 3*d. Let n(u) = 2*u**3 + u**2 - 7*u + 5. Let m be n(4). What is the greatest common divisor of m and d?
11
Suppose -42 + 47 = p. Suppose -2*o + p*o + a - 93 = 0, 2*a - 66 = -2*o. What is the highest common divisor of 615 and o?
15
Suppose 2678 = 87*f - 1324. Calculate the highest common factor of f and 3611.
23
Let x = -177 + 165. Let j be ((-69)/195 - x/78)*-5. Calculate the greatest common divisor of j and 9.
1
Let r = -151 + 158. Suppose -23*j = -r*j - 2112. Calculate the highest common divisor of j and 11.
11
Suppose -x + 36 = 2*v, 8*x = 4*x + 3*v + 155. What is the greatest common divisor of 192 and x?
2
Let q = 50 - 36. Suppose p + 2*c - 214 = 0, 3*c = -5*p + 728 + 328. Calculate the greatest common factor of p and q.
14
Suppose 38*u - 4*l - 4448 = 36*u, -5*u - 4*l + 11008 = 0. Calculate the greatest common divisor of 256 and u.
32
Let a = -22 - -99. Suppose 0 = -56*v + 5551 + 7385. Calculate the highest common factor of a and v.
77
Let d = 6679 - 6525. Calculate the highest common divisor of d and 22.
22
Suppose -30132 - 8608 = -11*n - 7797. Calculate the highest common factor of n and 87.
29
Suppose 2625 + 1085 = 166*k - 60*k. What is the highest common divisor of k and 5005?
35
Suppose 0 = -3*h - 4*g + 1, h - 5 = g - 0. Suppose 28*o - 350 = h*o. What is the highest common divisor of o and 70?
14
Suppose 5*s - 122 = s - 5*j, -4*s + 120 = 4*j. Let q = -26 + s. Let c be 9/1 + (q - 0)/2. What is the greatest common factor of 2 and c?
2
Let u = 357 - 150. Let t be -2 + ((-12)/16 - u/(-4)). Let f = t + -41. Calculate the highest common factor of f and 40.
8
Let f = 79605 - 79065. Let d = 25 + 29. Calculate the highest common factor of d and f.
54
Let x(u) be the second derivative of -5*u**4/12 - 10*u**3/3 - 7*u**2/2 + 114*u. Let f be x(-3). What is the greatest common divisor of 184 and f?
8
Suppose 4*x = 5*a - 2566, 2*x - 1004 = -2*a - 2*x. Suppose -u = -5*l + 8 - 202, 0 = u + 2*l - 208. What is the highest common divisor of a and u?
102
Suppose 4*l = -12, o + 2*l - 64 - 62 = 0. Suppose -7 = 4*k - z - o, -k + 10 = 4*z. Calculate the greatest common factor of 110 and k.
10
Suppose 1407*o + 2*x + 56 = 1410*o, -3*o - 5*x + 7 = 0. Let y(g) = 223*g**2 + 1. Let t be y(-1). Calculate the highest common factor of o and t.
14
Suppose z + 4*a - 455 = 0, 5*z + 911 - 3266 = -4*a. Suppose -20*o + 3*v - 384 = -24*o, 5*v = -5*o + z. Calculate the greatest common divisor of 44 and o.
11
Suppose -r - 4*o = -15, 0 = -4*r - 2*o - 0*o + 102. Let d be 126/r*(18*1 - 0). Calculate the highest common divisor of 42 and d.
42
Let n = -3065 - -5909. What is the greatest common factor of n and 36?
36
Let r be -1 - (-1 + 2) - (-11 - -5). Suppose r*u = 1119 - 131. What is the highest common divisor of 26 and u?
13
Suppose 0 = 45*g - 45 - 5805. Let d be 702/g - 2/10*-3. Calculate the highest common factor of 606 and d.
6
Let c = 100777 + -100751. Suppose 5*o - 3646 = -0*l - 3*l, -2*l = -2*o + 1452. Calculate the greatest common divisor of o and c.
26
Let z = -3622 - -3636. Calculate the greatest common factor of z and 3962.
14
Suppose 3*n + 3*f - 2*f = 2, 6 = 3*f. Suppose n = s + 205 - 589. What is the highest common divisor of s and 48?
48
Suppose 3044 = 5*l - 4*k, -4*k - 171 + 147 = 0. What is the highest common divisor of 7399 and l?
151
Suppose 0*u + 20 = 4*u, -55 = -5*i + 5*u. Let a be (i/10)/((-42)/(-105)). Suppose -105 = -9*y + a*y. Calculate the greatest common divisor of 7 and y.
7
Suppose 98 = 3*j + f, -j - j + 65 = f. Suppose -j = -7*b + 51. What is the greatest common divisor of 324 and b?
12
Let o(d) = 2 - 4 - 2 - 9*d - d**2 + 0. Let f be o(-6). Calculate the highest common divisor of 49 and f.
7
Let n(t) = 25*t**2 - 8*t. Let u be (1488/(-1240))/((-2)/10*3). Let m be n(u). What is the greatest common divisor of 147 and m?
21
Let n(d) = d**3 - 12*d**2 + 13*d - 19. Let h be n(11). Let s = 55 - 46. Calculate the highest common factor of s and h.
3
Let a be (-1372)/(-21) + (-6)/(-9). What is the greatest common factor of 297 and a?
33
Let w = -50 - -58. Suppose w = -2*a - 5*n, -3*a - 3 = 5*n - 1. Suppose 0 = -11*u + a*u + 340. What is the highest common divisor of 34 and u?
34
Suppose -4*o - 5*u + 39917 = 0, 5*o - 49954 = -8*u + 10*u. What is the highest common factor of 88 and o?
44
Let g be -31 + (109 - 561/17). Let t = 3 - 5. Let u be 3/(1/(-18)*t). Calculate the highest common divisor of u and g.
9
Suppose 0 = -3*y - 1 + 64. Let b(p) = -2*p + 661. Let c be b(47). What is the greatest common divisor of y and c?
21
Let p(d) = -3*d**2 - 537*d - 3390. Let g be p(-169). What is the greatest common divisor of 3840 and g?
240
Let p(d) = d**2 - 2*d + 1. Let f be p(-9). Let a be 1*(12/(-4) + 27). Suppose 8*r - a*r + 1200 = 0. Calculate the highest common divisor of f and r.
25
Let w = -22372 + 38675. Calculate the highest common factor of w and 137.
137
Suppose 0 = 25*t - 349 - 276. Suppose 1568 = 31*m + t*m. What is the greatest common divisor of 98 and m?
14
Let v be ((-14)/(-12 + -2))/(1/355). What is the greatest common factor of v and 923?
71
Suppose -y - 8 = -5*y, 0 = -m - 3*y + 22. Suppose 2*g - m = -12. Suppose 5*q - 82 - 38 = -g*r, r = -q + 66. What is the highest common factor of r and 28?
14
Suppose 3*u - 73 = -16. Let d = -43 + 347. Calculate the highest common divisor of u and d.
19
Suppose 2*m - 185 + 25 = 0. Calculate the greatest common divisor of 7920 and m.
80
Suppose 0 = -26*a + 36960 + 272. What is the highest common divisor of a and 16?
8
Let g(y) = 92*y + 87. Let s be g(-4). Let u = s + 524. Calculate the highest common factor of u and 54.
27
Let y be 0 + (50 - 13) + -4. Suppose -5*d - 6 - 9 = 0. Let a = y + d. Calculate the greatest common divisor of a and 5.
5
Suppose -654 = -5*u - 14*m + 18*m, 4*u = -4*m + 552. Calculate the greatest common factor of u and 1474.
134
Suppose -b + 12 + 24 = 2. Calculate the greatest common divisor of b and 528.
2
Suppose 6830 = m - 13*d, 33815 = 5*m + 7*d - 5*d. What is the greatest common divisor of m and 66?
33
Suppose -15*s + 4*b + 208 = -12*s, -77 = -s + 9*b. Calculate the greatest common divisor of 187 and s.
17
Let q(u) = u**3 - 57*u**2 + 186*u + 129. Let t be q(55). What is the highest common factor of 124 and t?
31
Let a be (1 + -667)/(0 + 6/(-27)). Calculate the highest common divisor of a and 162.
81
Let i be (2/(-1))/(1*-1). Let w(t) = 8*t**2 - t. Let j be w(i). Let h = 5 + 15. Calculate the greatest common divisor of j and h.
10
Let n(i) = 5*i**2 - i + 2. Let q be (10 + (-31)/3)/((-2)/6). Let r be n(q). Let u be 25*1 - (0 + 1). What is the highest common divisor of u and r?
6
Let o(w) = -w**3 + 127*w**2 + 126*w + 376. Let t be o(128). Calculate the greatest common factor of t and 232.
8
Let q be (-3)/30*-5 + 1689/(-6). Let i = q + -394. Let k be (-2)/4 + i/(-6). What is the greatest common factor of k and 16?
16
Let o(l) = l**3 + 54*l**2 - 53*l + 114. Let r be o(-55). What is the greatest common divisor of r and 2002?
2
Let a be ((-8)/(3 + -1))/(-2). Suppose a*t - 26 + 6 = 0. Let i(h) = 15*h + 694. Let j be i(-46). What is the greatest common divisor of t and j?
2
Let t = -22569 + 22923. What is the highest common factor of 19293 and t?
177
Let c be 16/4 + -4 + 140. Suppose -9*a - 1458 = -1710. Calculate the highest common divisor of a and c.
28
Let w be ((-236)/354)/(1/(-15879)). What is the greatest common factor of w and 402?
134
Let c(k) = -51*k + 3025. Let h be c(59). Calculate the greatest common factor of 1304 and h.
8
Suppose 3*i = 10 + 2. Suppose 3*g + 63 = -v + 169, 0 = -2*g - i*v + 74. Let m be ((-574)/g)/(14/(-10) + 1). What is the highest common factor of 451 and m?
41
Let m = 9 - 5. Let y(g) = -3*g + 45. Let c be y(14). Suppose c*z - 52 = -22. What is the highest common divisor of m and z?
2
Suppose 0 = -8*k + 18 - 18. Suppose -q - 32 = 2*y - 197, k = q 